, 17, 59, 193
List the prime factors of 1700629461.
3, 461, 409889
List the prime factors of 125947649.
10289, 12241
What are the prime factors of 1901591527?
11, 73, 2368109
List the prime factors of 571548978.
2, 3, 7, 11, 13, 31721
List the prime factors of 519048701.
519048701
What are the prime factors of 44264512?
2, 23, 30071
What are the prime factors of 24465295?
5, 17, 16931
What are the prime factors of 22194123?
3, 7, 1056863
List the prime factors of 22637980.
2, 5, 23, 29, 1697
List the prime factors of 166106660.
2, 5, 17, 61, 8009
List the prime factors of 976108860.
2, 3, 5, 1807609
List the prime factors of 110462368.
2, 71, 48619
What are the prime factors of 42342333?
3, 11, 23, 55787
What are the prime factors of 153199232?
2, 1196869
What are the prime factors of 61308713?
71, 241, 3583
List the prime factors of 13191036.
2, 3, 647, 1699
List the prime factors of 73076858.
2, 31, 1178659
What are the prime factors of 6658249143?
3, 7, 13, 197, 123803
List the prime factors of 51623454.
2, 3, 23, 374083
List the prime factors of 50575144.
2, 53, 101, 1181
What are the prime factors of 322817659?
322817659
What are the prime factors of 442711961?
31, 43, 332117
List the prime factors of 20532144.
2, 3, 41, 10433
List the prime factors of 327897292.
2, 17, 23, 31, 6763
List the prime factors of 303679477.
113, 631, 4259
List the prime factors of 664928353.
239, 2782127
List the prime factors of 513644526.
2, 3, 28535807
List the prime factors of 4682112.
2, 3, 89, 137
List the prime factors of 41558644.
2, 2267, 4583
What are the prime factors of 60809608?
2, 23, 14369
What are the prime factors of 26481018?
2, 3, 4413503
What are the prime factors of 45360802?
2, 22680401
What are the prime factors of 75252235?
5, 15050447
What are the prime factors of 139352477?
11, 223, 56809
What are the prime factors of 608159474?
2, 13, 491, 47639
What are the prime factors of 121593245?
5, 79, 307831
What are the prime factors of 390870174?
2, 3, 4441, 14669
List the prime factors of 5203433614.
2, 2601716807
What are the prime factors of 3196942638?
2, 3, 23, 23166251
List the prime factors of 57549987.
3, 11, 193771
List the prime factors of 95592940.
2, 5, 691, 6917
List the prime factors of 3176291.
31, 102461
List the prime factors of 2539049753.
11863, 214031
List the prime factors of 222053418.
2, 3, 19, 649279
List the prime factors of 195005660.
2, 5, 1667, 5849
List the prime factors of 56661270.
2, 3, 5, 199, 9491
What are the prime factors of 1458715435?
5, 13933, 20939
List the prime factors of 151438121.
151438121
What are the prime factors of 1397835086?
2, 113, 151, 40961
List the prime factors of 574322222.
2, 287161111
List the prime factors of 1758546591.
3, 586182197
List the prime factors of 76190315.
5, 15238063
List the prime factors of 355860215.
5, 19, 3745897
List the prime factors of 6462762919.
53, 127, 347, 2767
What are the prime factors of 2322000167?
23, 100956529
List the prime factors of 12998680.
2, 5, 23, 71, 199
List the prime factors of 51689735.
5, 10337947
List the prime factors of 248925121.
107, 2326403
List the prime factors of 3232503783.
3, 359167087
List the prime factors of 57525916.
2, 7, 43, 47779
What are the prime factors of 302554465?
5, 60510893
What are the prime factors of 72288195?
3, 5, 7, 23, 37, 809
List the prime factors of 50803757.
23, 47, 46997
What are the prime factors of 207141297?
3, 11, 6277009
List the prime factors of 16535646.
2, 3, 918647
List the prime factors of 137241203.
11, 12476473
List the prime factors of 1853255107.
11, 23, 7325119
List the prime factors of 1958858999.
27259, 71861
What are the prime factors of 181729607?
37, 449, 10939
What are the prime factors of 5295273393?
3, 1765091131
What are the prime factors of 1510827123?
3, 13, 19, 29, 167, 421
List the prime factors of 548663118.
2, 3, 91443853
List the prime factors of 206809164.
2, 3, 5744699
What are the prime factors of 551639114?
2, 13, 223, 95143
List the prime factors of 2946382807.
101, 29172107
List the prime factors of 64404905.
5, 107, 120383
What are the prime factors of 3707556334?
2, 1213, 1528259
List the prime factors of 676800393.
3, 173, 199, 6553
List the prime factors of 125253591.
3, 41751197
List the prime factors of 2080308.
2, 3, 173359
List the prime factors of 144362963.
17, 179, 47441
What are the prime factors of 1576466536?
2, 73, 2699429
List the prime factors of 54650167.
11, 13, 461, 829
What are the prime factors of 421927790?
2, 5, 4793, 8803
List the prime factors of 273730453.
273730453
What are the prime factors of 103325368?
2, 73, 176927
What are the prime factors of 231760954?
2, 115880477
List the prime factors of 34629522.
2, 3, 5771587
List the prime factors of 135869794.
2, 131, 518587
List the prime factors of 48305859.
3, 7, 2300279
List the prime factors of 476624970.
2, 3, 5, 5295833
List the prime factors of 44570571.
3, 3359, 4423
What are the prime factors of 8077612?
2, 2019403
What are the prime factors of 2059728483?
3, 17, 40386833
List the prime factors of 67279044.
2, 3, 7, 251, 3191
List the prime factors of 38273002.
2, 19136501
List the prime factors of 473535811.
7, 67647973
List the prime factors of 50963927.
7, 79, 157, 587
List the prime factors of 2337312071.
4447, 525593
What are the prime factors of 11201503?
281, 39863
List the prime factors of 71762350.
2, 5, 11, 130477
What are the prime factors of 382815551?
3671, 104281
What are the prime factors of 451839446?
2, 31, 7287733
What are the prime factors of 3100738867?
743, 4173269
List the prime factors of 3474977069.
71, 48943339
What are the prime factors of 38671492?
2, 9667873
List the prime factors of 1056722555.
5, 7, 2879, 10487
What are the prime factors of 3895100805?
3, 5, 1129, 230003
List the prime factors of 139571487.
3, 11, 647, 2179
What are the prime factors of 9974353?
9974353
What are the prime factors of 16574347?
16574347
List the prime factors of 45840393.
3, 139, 36643
What are the prime factors of 2199060274?
2, 79, 101, 137803
List the prime factors of 1449634766.
2, 37, 1171, 16729
List the prime factors of 43050102.
2, 3, 79, 90823
List the prime factors of 24145509.
3, 503, 16001
What are the prime factors of 157338580?
2, 5, 7, 449, 2503
What are the prime factors of 1929160813?
359, 5373707
List the prime factors of 6040345772.
2, 1510086443
List the prime factors of 1571910088.
2, 7, 509, 55147
What are the prime factors of 165686889?
3, 29, 1904447
What are the prime factors of 17216377?
31, 59, 9413
What are the prime factors of 7745203807?
11, 704109437
List the prime factors of 1189463423.
23, 41, 59, 21379
List the prime factors of 4743115598.
2, 13, 103, 109, 16249
What are the prime factors of 5548548?
2, 3, 43, 10753
What are the prime factors of 56798780?
2, 5, 2839939
What are the prime factors of 100070196?
2, 3, 647, 12889
What are the prime factors of 347582336?
2, 2715487
List the prime factors of 751322298.
2, 3, 3541, 35363
List the prime factors of 15790792.
2, 829, 2381
What are the prime factors of 2694952746?
2, 3, 97, 1543501
List the prime factors of 47620513.
509, 93557
List the prime factors of 627160530.
2, 3, 5, 20905351
What are the prime factors of 119030953?
19, 73, 85819
What are the prime factors of 697573353?
3, 19, 677, 18077
List the prime factors of 102734369.
7559, 13591
List the prime factors of 544615139.
113, 4819603
What are the prime factors of 86858484?
2, 3, 7238207
What are the prime factors of 97318898?
2, 48659449
What are the prime factors of 220626831?
3, 107, 687311
List the prime factors of 948677068.
2, 19, 12482593
What are the prime factors of 18500586?
2, 3, 13, 113, 2099
List the prime factors of 850298778.
2, 3, 7, 269, 25087
List the prime factors of 370697669.
370697669
List the prime factors of 62776772.
2, 47, 131, 2549
List the prime factors of 133748396.
2, 41, 815539
What are the prime factors of 1940460712?
2, 242557589
List the prime factors of 1191521199.
3, 11, 157, 229979
List the prime factors of 32613631.
97, 336223
What are the prime factors of 258102356?
2, 64525589
List the prime factors of 12734141.
7, 599, 3037
What are the prime factors of 14598372?
2, 3, 83, 1465